 -68*j**2 + 20*j + 43. Determine m(-2).
-269
Let i(u) = -4*u**2 - 5*u + 21. What is i(-6)?
-93
Let g(r) = -5*r - 128. Calculate g(-9).
-83
Let j(v) = 155*v + 910. Calculate j(-6).
-20
Let o(l) = 370*l**2 - 32190*l - 14. What is o(87)?
-14
Let b(j) = 37*j**2 + 3959*j - 7. Calculate b(-107).
-7
Let i(f) = -512*f - 48577. What is i(-95)?
63
Let y(s) = 289*s - 4596. Determine y(16).
28
Let a(d) = d**3 - 29*d**2 + 33*d - 112. What is a(28)?
28
Let l(c) = 174*c**3 - 23*c - 22. Determine l(-1).
-173
Let f(q) = 98*q - 158. Determine f(7).
528
Let g(z) = z**2 - 7*z - 45. Give g(13).
33
Let x(d) = -3*d - 75. What is x(-24)?
-3
Let k(n) = -701*n - 45632. Give k(-65).
-67
Let y(b) = -132*b - 37. What is y(1)?
-169
Let l(s) = -s**3 + 23*s - 9. Calculate l(-5).
1
Let x(d) = 126*d - 143. What is x(2)?
109
Let y(q) = -959*q + 940. Determine y(1).
-19
Let v(m) = m**3 + 11*m**2 + 16*m + 81. What is v(-7)?
165
Let j(v) = 2*v**2 - 70*v - 287. Calculate j(-4).
25
Let w(o) = -325*o - 3238. Determine w(-10).
12
Let f(l) = 2*l**2 - 243*l + 2548. Calculate f(110).
18
Let v(p) = -8*p**2 - 729*p - 248. Determine v(-91).
-157
Let o(c) = -33*c - 329. What is o(-11)?
34
Let x(z) = 2*z**3 + 58*z**2 + 70*z + 388. What is x(-28)?
-4
Let r(a) = a**2 - 94*a + 731. Give r(88).
203
Let f(y) = 6*y - 196. Calculate f(21).
-70
Let d(n) = 849*n + 6781. Determine d(-8).
-11
Let v(d) = -39*d + 1262. Determine v(33).
-25
Let j(c) = -c**3 + 19*c**2 - 18*c + 7. Give j(18).
7
Let n(t) = 8*t**2 + 18*t + 175. Determine n(-7).
441
Let i(u) = -19783*u + 39568. Determine i(2).
2
Let m(g) = -5*g**2 + 22*g - 11. Determine m(6).
-59
Let r(a) = -2*a**3 - 142*a**2 - 140*a + 34. Determine r(-70).
34
Let y(f) = 26*f + 88. Give y(-11).
-198
Let d(y) = 2195*y + 111945. Calculate d(-51).
0
Let l(r) = -6*r**2 - 32*r + 1. Give l(-3).
43
Let m(t) = t**2 - 118*t - 1294. Calculate m(-10).
-14
Let m(q) = q**3 + 37*q**2 - 36*q + 8. What is m(-38)?
-68
Let j(p) = -6*p**2 + 5*p - 41. Calculate j(4).
-117
Let y(n) = -10*n**2 + 470*n + 36. Calculate y(47).
36
Let i(t) = -57*t - 2. What is i(-6)?
340
Let z(g) = -3*g**2 - g - 10. Determine z(-7).
-150
Let f(j) = 3*j - 59. Calculate f(59).
118
Let u(j) = -2*j**3 + 112*j**2 + 86*j - 4818. What is u(56)?
-2
Let y(o) = -38*o**2 + 1193*o - 451. Calculate y(31).
14
Let y(f) = -f**3 + 18*f**2 - 99*f + 435. Determine y(13).
-7
Let b(v) = -471*v + 29204. Calculate b(62).
2
Let o(w) = -13*w**2 - 223*w + 187. Determine o(-18).
-11
Let q(o) = o**3 - 5*o**2 + 30*o - 106. Calculate q(4).
-2
Let k(c) = 2*c**3 + 13*c**2 - 11*c - 45. Calculate k(-6).
57
Let n(y) = -4*y**2 - 12*y + 834. What is n(-16)?
2
Let g(o) = -o**2 - 28*o + 217. Calculate g(6).
13
Let c(a) = a**3 + 10*a**2 - 4*a + 37. Determine c(-12).
-203
Let r(f) = f**3 - 2*f**2 - 5*f + 21. Determine r(4).
33
Let q(y) = 31*y - 162. Calculate q(6).
24
Let z(y) = -3*y**2 + 176*y + 36. What is z(59)?
-23
Let k(c) = 4*c**2 - 51*c + 73. Calculate k(6).
-89
Let s(g) = -70*g - 486. Determine s(-6).
-66
Let u(o) = 11*o**2 + 24*o - 6. What is u(-2)?
-10
Let r(q) = q**3 - 32*q**2 - 153*q + 1. Determine r(-4).
37
Let a(q) = 5*q - 219. Give a(54).
51
Let b(m) = 2*m**3 + 23*m - 24. What is b(1)?
1
Let v(l) = -1160*l + 1169. Determine v(1).
9
Let y(t) = -37*t + 7. Calculate y(-2).
81
Let l(n) = n**2 - 9*n - 218. Give l(27).
268
Let o(z) = -438*z + 4464. Determine o(10).
84
Let j(p) = p**3 + 28*p**2 - 164*p + 77. Calculate j(-33).
44
Let r(w) = -w**3 - 22*w**2 - 22*w - 6. Determine r(-21).
15
Let f(a) = -a**3 + 18*a - 23. Calculate f(-5).
12
Let o(u) = 698*u + 1392. Give o(-2).
-4
Let n(p) = -29*p**2 + 3*p. Calculate n(-2).
-122
Let c(v) = v**3 + 10*v**2 + 42*v + 269. What is c(-9)?
-28
Let k(v) = -3*v**3 - 292*v**2 + 500*v + 499. Calculate k(-99).
4
Let n(k) = k**3 + 3*k**2 + 194*k + 1011. Give n(-5).
-9
Let m(w) = -30*w**2 - 5*w + 9. Give m(2).
-121
Let s(d) = -d**3 + 7*d**2 + 26*d - 19. What is s(9)?
53
Let l(s) = 480*s + 34085. Calculate l(-71).
5
Let c(m) = -m**3 + 37*m**2 - 212*m + 22. Determine c(9).
382
Let h(y) = 2*y**2 + 27*y - 160. Give h(6).
74
Let x(k) = 181*k - 2157. Give x(12).
15
Let x(a) = -25*a**2 + 456*a - 103. Give x(18).
5
Let i(n) = n**3 + 15*n**2 - 292*n - 206. Determine i(-26).
-50
Let a(z) = 5*z**3 - 24*z**2 - 40*z - 6. Give a(6).
-30
Let q(z) = -9*z + 30. Give q(7).
-33
Let p(a) = -170*a**2 + 20228*a + 236. What is p(119)?
-2
Let u(z) = 97*z - 5433. Give u(56).
-1
Let o(f) = f**3 - 24*f**2 - 60*f + 216. What is o(26)?
8
Let g(i) = i**2 + 70*i + 1087. Give g(-55).
262
Let p(x) = -2*x**2 + 84*x + 477. What is p(-5)?
7
Let r(w) = -3*w**3 - 369*w**2 + w + 139. Determine r(-123).
16
Let k(m) = -15*m**2 + 72*m + 37. What is k(5)?
22
Let h(v) = v**3 + 7*v**2 - 1748*v + 2110. What is h(-46)?
-6
Let x(w) = -13*w**2 - 144*w - 146. Give x(-10).
-6
Let i(k) = k**3 - k**2 - 28*k + 69. Calculate i(4).
5
Let p(q) = q**2 - 54*q - 1225. What is p(75)?
350
Let q(b) = -2*b**3 - 26*b**2 - 59*b - 8. Determine q(-3).
-11
Let h(a) = -a**3 + 4*a**2 + 14*a + 46. What is h(7)?
-3
Let z(i) = 28*i**2 - 4*i - 104. Calculate z(2).
0
Let b(q) = -20*q**2 - 15*q + 8. Determine b(1).
-27
Let d(q) = -1866*q - 7471. Calculate d(-4).
-7
Let o(r) = 92*r + 2290. What is o(-25)?
-10
Let j(o) = -o**3 - 24*o**2 - 45*o + 43. Calculate j(-22).
65
Let a(j) = -820*j - 199258. What is a(-243)?
2
Let c(s) = -2*s**2 - 29*s - 35. What is c(-13)?
4
Let h(j) = 2*j**2 - 45*j + 235. Calculate h(16).
27
Let r(i) = i**3 + 15*i**2 + 130*i + 1335. Determine r(-13).
-17
Let q(f) = f**2 - 48*f + 136. Give q(3).
1
Let m(v) = -v**2 + 76*v - 572. Determine m(68).
-28
Let s(y) = y**2 - 219*y - 2757. Give s(-12).
15
Let w(i) = 2*i**3 + 13*i**2 - 52*i - 57. What is w(-9)?
6
Let f(d) = d**3 + 10*d**2 + 18*d - 29. What is f(-6)?
7
Let b(p) = -35*p - 6. Determine b(-2).
64
Let l(w) = -6*w**2 - 105*w + 50. Determine l(-18).
-4
Let v(h) = -199*h - 24023. Calculate v(-121).
56
Let n(g) = 11*g + 155. Calculate n(-14).
1
Let d(b) = 3*b**2 + 9*b - 85. Give d(8).
179
Let v(s) = -s**3 + 16*s**2 - 71*s + 29. What is v(10)?
-81
Let h(n) = -7*n**2 + 17*n + 19. Calculate h(8).
-293
Let o(r) = -76*r + 2895. Give o(38).
7
Let q(v) = 2*v**3 - 21*v**2 + 42*v - 54. Calculate q(8).
-38
Let r(i) = -6*i**2 + 21*i + 51. Calculate r(-6).
-291
Let f(i) = i**3 + 112*i**2 - 104*i + 980. Calculate f(-113).
-37
Let g(o) = -o**2 + 109*o - 562. Give g(5).
-42
Let l(f) = 3*f**2 + 128*f + 37. Determine l(-36).
-683
Let a(o) = 431*o + 864. What is a(-2)?
2
Let l(i) = 2*i**3 - 81*i**2 + 46*i - 384. Give l(40).
-144
Let z(l) = 9991*l + 39957. Give z(-4).
-7
Let w(k) = 34*k**2 - 205*k - 10. Give w(6).
-16
Let y(j) = -126*j**2 - 43846*j + 689. Give y(-348).
-7
Let c(p) = 218*p + 1348. What is c(-6)?
40
Let f(h) = -39*h - 261. Determine f(-12).
207
Let v(a) = 723*a - 7252. Give v(10).
-22
Let n(w) = 157*w - 307. What is n(2)?
7
Let u(w) = w**2 - 45*w + 79. Determine u(2).
-7
Let a(f) = -62*f - 286. Give a(-6).
86
Let v(z) = -2*z**3 - 38*z**2 + 15*z - 17. Give v(-20).
483
Let g(n) = -67*n - 24. What is g(4)?
-292
Let a(k) = k**3 + 34*k**2 - 179. Give a(-34).
-179
Let y(d) = 2*d**3 + 93*d**2 - 47*d + 120. Determine y(-47).
120
Let m(a) = -6*a**2 + 404*a + 1118. Determine m(70).
-2
Let p(t) = 2*t**3 - 10*t**2 - 3*t + 5. Calculate p(7).
180
Let z(j) = -j**3 - 10*j**2 - 8*j - 20. Give z(-9).
-29
Let v(r) = -2731*r - 40. Determine v(0).
-40
Let f(v) = 4967*v + 34762. Calculate f(-7).
-7
Let z(n) = 2*n**2 - 44*n - 14. What is z(22)?
-14
Let f(t) = -14*t - 451. Give f(-32).
-3
Let a(y) = -7*y + 69. Determine a(18).
-57
Let v(n) = 2*n**2 + 111*n + 220. What is v(-2)?
6
Let t(u) = u**3 - 52*u**2 - 55*u - 512. What is t(53)?
-618
Let t(j) = -j**3 + 125*j**2 + 241*j + 1843. Give t(127).
192
Let h(k) = -k**3 + 18*k**2 - 73*k + 84. What is h(13)?
-20
Let u(r) = -r**3 + 5*r**2 + 15*r + 2. What is u(8)?
-70
Let a(h) = h**3 + 57*h**2 - 57*h + 47. Determine a(-58).
-11
Let i(f) = 13*f**2 - 285*f - 30. Determine i(22).
-8
Let k(d) = -14*d**2 - 14*d - 99. What is k(0)?
-99
Let f(m) = -6*m**3 + 15*m**2 - 24*m - 8. Determine f(2).
-44
Let k(a) = -4*a**3 + 15*a**2 - 6*a + 1. What is k(3)?
10
Let s(a) = -6*a**2 + 123*a - 421. Determine s(16).
11
Let j(d) = 7*d**2 - 21*d - 46. What is j(-3)?
80
Let l(n) = -301*n + 21678. Calculate l(72).
